+ 16 = 0. Let v(j) = -3*j - 5. Give v(z).
7
Let h(i) = -i**3 - 5*i**2 + 4. Let x be h(-5). Let s(v) be the first derivative of 0*v + 1/2*v**2 + 2 - 1/3*v**3 - 5/4*v**x. What is s(1)?
-5
Let u(z) = -z**3 - 4*z**2 - z - 1. Let s be (-2 - 0)/(8/16). What is u(s)?
3
Let n(i) = i**2 + 4*i + 3. Let c be n(-1). Let d(a) = a + 7. Determine d(c).
7
Let n(s) = -s**2 - 3*s + 4. Let t be (2 - (-3 - -2))*1. Suppose 2*g - 6*g + t*p - 20 = 0, 4*p = 5*g + 25. Determine n(g).
-6
Suppose a = n, -n + 16 = 2*n + 5*a. Let k(b) = -b**2 + 3*b + 2. Determine k(n).
4
Let c(y) be the third derivative of y**7/840 - y**6/360 - y**5/24 + y**4/12 + y**3/3 + 3*y**2. Let k(l) be the first derivative of c(l). What is k(3)?
5
Let w = -7 + 12. Suppose z - 2 + w = 0. Let y(l) = -3*l + 5. Let j(d) = -3*d + 4. Let o(t) = z*j(t) + 2*y(t). What is o(-2)?
-8
Suppose d + 5*m + 5 = -0, 3*d = 3*m + 21. Let c(f) be the third derivative of f**6/120 - f**5/15 - f**4/3 + 7*f**3/6 - f**2. Calculate c(d).
-8
Suppose 0*u + u = 4. Suppose 2*z = 3*q - 9, -u*z = q - 5 - 12. Let h(i) = i**3 - 4*i**2 + 5*i - 3. What is h(z)?
3
Let z(t) be the third derivative of 8*t**2 + 0*t + 0 + 1/24*t**4 + 1/6*t**3. Give z(5).
6
Let m(r) = -4*r - 15. Let b be m(-5). Let v(k) = -2*k + 6. Calculate v(b).
-4
Let g(o) = -o - 6. Let m be g(-5). Let z(n) be the first derivative of 2*n**3/3 - n**2/2 + 2*n - 3. Let f(y) be the first derivative of z(y). Give f(m).
-5
Let h(i) = 6*i + 0*i - i. Suppose -2*w + 5*w = -v, 2*v + w = 0. Suppose 0 = j - 2*l - v*l - 12, -26 = -3*j + 4*l. What is h(j)?
10
Suppose -7 = 4*c - 23. Let u = 3 - c. Let f = -4 - u. Let h(o) = -o**2. Give h(f).
-9
Let d(x) be the first derivative of 0*x + 1/4*x**4 - 5/3*x**3 - 4*x**2 - 8. Give d(6).
-12
Let v(t) = 9*t**2 + 5*t + 1. Let a(b) = 8*b**2 + 4*b. Let u(c) = -4*a(c) + 3*v(c). Let k(y) be the first derivative of u(y). Calculate k(-1).
9
Let b(x) be the first derivative of x**4/4 + 2*x**3/3 - 3*x**2/2 + 4*x + 14. Calculate b(-3).
4
Let w(o) be the first derivative of 0*o + 1/2*o**2 + 1/3*o**3 - 2. Let a be (-18)/14 + (-2)/(-7). Determine w(a).
0
Let s(p) = -2*p**2 + 6*p - 2. Let z = -98 + 102. Calculate s(z).
-10
Let x(n) = -4 + 1 + 4*n + 7 - n**2 - 7*n**3. Let h(s) = -6*s**3 - s**2 + 4*s + 4. Let i(g) = -6*h(g) + 5*x(g). Calculate i(-3).
-10
Let w = 6 - 2. Suppose -3*o - w = -1. Let n(b) = -b**3 + 2*b + 1. Give n(o).
0
Let b(f) = -10*f**3 + f**2 - 7*f. Let v(n) = 19*n**3 - 2*n**2 + 13*n. Let u(l) = 11*b(l) + 6*v(l). Let s = 9 + -7. Let w be 2*(2 - 3/s). Determine u(w).
4
Let o = -28 + 24. Let y(g) = -1. Let m(q) = -q - 5. Let j(p) = m(p) + 2*y(p). Give j(o).
-3
Suppose -2*c = 3*j + 26, 0 = 3*j - 3*c - 0 + 6. Let q(p) = p**3 + 6*p**2 + 4*p + 9. Determine q(j).
-15
Suppose 5*i + 29 + 6 = 0. Let j(p) = 4*p - 6. Let h(m) = 9*m - 12. Let q(l) = i*j(l) + 3*h(l). Suppose 0 = -2*n - 4*r + 12, r - 3 + 0 = 4*n. What is q(n)?
6
Let x(n) = -6*n + 3*n + 2*n - 3. Determine x(-4).
1
Let y(i) = 9*i**3 + 1 - 5*i**2 + 3*i**2 + i**2. Let n be (2/6)/(2/(-6)). Let v = 2 + n. Give y(v).
9
Suppose -3*p = -4*p - 6. Let j be 32/(-12)*p/4. Suppose 3*k = 2*v + v - 27, 4*k + j*v + 4 = 0. Let m(h) = h**3 + 4*h**2 - 5*h - 4. Determine m(k).
-4
Let u(j) = -2*j - 5. Let g(v) = -v. Let f(x) = -3*g(x) + u(x). What is f(9)?
4
Let i(k) be the second derivative of -k**4/12 + 2*k**2 + 5*k. What is i(0)?
4
Let s(j) = -4 + 0*j**2 - 7*j - 3*j**2 + 0*j. Let y(o) = o**2 - 1. Let l(b) = s(b) + 2*y(b). Determine l(-5).
4
Let f(k) = -k**2 + 2. Let r be ((-18)/4)/3*-2. Give f(r).
-7
Suppose -3*v - q = -5 + 16, 3*v + 14 = 2*q. Let c(s) = -s**3 - 4*s**2 + s + 1. What is c(v)?
-3
Suppose -4*p = -9 + 1. Let q(y) = 8*y**2 + 14*y + 5. Let v(w) = -3*w**2 - 5*w - 2. Let d be 175/(-49) + 3/(-7). Let k(x) = d*q(x) - 11*v(x). Calculate k(p).
4
Suppose 3*y + 10 = 2*u - y, 2*y + 38 = 4*u. Let v = u - 7. Let q(r) = -3*r + 6. Determine q(v).
-6
Let t = 22 - 27. Let x(r) = r + 2. Calculate x(t).
-3
Let l(f) = -10*f - 6*f**3 + 4 - 3*f**2 + 7*f**3 + 15*f + 10*f**2. What is l(-6)?
10
Let w(b) = -6*b - 14. Let h(d) = -2*d - 5. Let s(j) = -14*h(j) + 5*w(j). Give s(-3).
6
Let p(b) = -b**3 - 5*b**2 + 6*b + 4. Let h(z) = -z**3 + 3*z**2 - z - 3. Let r be h(3). Calculate p(r).
4
Suppose -2*q = -3*u + 2*u + 14, -4*q = -5*u + 40. Let p(t) = -3 + 2*t**2 - t**2 + 0 - 3*t. Give p(u).
1
Let x(b) be the third derivative of 0 - 1/4*b**4 + 3*b**2 - 1/60*b**5 + 0*b - 1/2*b**3. Calculate x(-4).
5
Let q(m) = m**2 - 3*m + 4. Let l be q(3). Let k(v) be the first derivative of v**2/2 + v + 13. Determine k(l).
5
Let c(k) = 2*k - 1. Let b(p) = -p + 6. Let h be b(5). Let j be -3 - -2*(2 + h). What is c(j)?
5
Let k(w) be the third derivative of -w**4/24 + w**3/6 + w**2. Suppose -8*s + 3*s = 4*q + 15, 0 = 4*q - 2*s - 6. Give k(q).
1
Let p(d) be the third derivative of -d**6/120 + d**5/12 + 5*d**4/24 - d**3/2 - 12*d**2. Calculate p(6).
-9
Let t = 10 - 9. Let b(f) = 0*f**2 - 2*f**2 - f - f**2 + 2*f. Let c(v) = v**2 - v + 1. Let g(s) = t*b(s) + c(s). Calculate g(2).
-7
Let b(m) be the second derivative of -m**4/24 + m**3/6 - m**2/2 + 5*m. Let s(k) be the first derivative of b(k). Let t = -2 + 4. What is s(t)?
-1
Let h(i) = -7*i**2 - 2*i - 1. Let w(s) = -8*s**2 - 3*s - 2. Let k(j) = -7*h(j) + 6*w(j). Give k(6).
7
Let t(j) = -j**2 - 2*j + 2. Suppose -2*g = 4 - 0. Give t(g).
2
Let f = 23 - 3. Let n be f/8*(-1 - 1). Let i(t) = t + 7. Give i(n).
2
Let l(y) be the first derivative of -y - 7/2*y**2 - 4. Let f(j) = 2*j - 3. Let m be f(2). What is l(m)?
-8
Let f(d) = d + 4. Let p(q) = -2*q - 43. Let h be p(-20). What is f(h)?
1
Let j(x) = 15*x**2 - 2*x + 2. Let b(d) = 7*d**2 - d + 1. Let n(s) = 13*b(s) - 6*j(s). Let p be n(1). Let o(f) = 0 - 2 - 2*f + p. Calculate o(1).
-3
Let h(z) = z**2 - 3*z - 2. Let o be h(4). Let m(p) = p**3 - 3*p**2 + p. What is m(o)?
-2
Let f(x) be the first derivative of -3/2*x**2 - 3*x + 1/4*x**4 + 2/3*x**3 + 1. Give f(-3).
-3
Let a(i) = -i + 11. Let d(h) = -h**3 - 12*h**2 - 3*h - 17. Let o be d(-12). Let k = o - 13. Determine a(k).
5
Let v(b) be the third derivative of b**4/8 + b**3/6 - 2*b**2. Give v(-2).
-5
Let l(x) = x**3 - 5*x**2 - x + 2. Let a be l(5). Let p(i) = -5*i**2 - i**2 - i**3 + 3 + 2*i**2 - i. Give p(a).
-3
Let t(d) = -5*d. Let y = 68 - 128. Let v be 84/y + (-2)/(-5). Determine t(v).
5
Suppose -4*z - 2*w = -14, z + w = 2*w - 1. Suppose -3*a - 1 = z. Let d(g) = -8*g**3 + g**2. What is d(a)?
9
Let u(d) = 12*d**2 - 7*d - 6. Let z(r) = 11*r**2 - 6*r - 5. Let c(w) = -6*u(w) + 7*z(w). Let l = 45 + -44. Determine c(l).
6
Suppose 4*l - 2*l = 10. Let g(t) = 1 - 7 + 0 + 1 - t**3 + 5*t**2. Calculate g(l).
-5
Let s(c) = -7*c + 7. Suppose 5*r - 3 = 4*r. Let i(o) = 2 + 6*o - 3 - 7 + 2. Let a(z) = r*s(z) + 4*i(z). What is a(-3)?
-12
Let u(l) = -4*l + 2. Let v(c) = c**3 + c**2 - 2*c - 2. Let f(i) = -2*i + 4. Let b be f(2). Let y be v(b). Determine u(y).
10
Let y(d) = -d + 8. Suppose -2*n = 4, 14 = 3*b + 4*n - 2. Let w(q) = q**2 - 9*q - 7. Let m be w(10). Suppose -m*r + 0*u = 4*u - b, 3*r = 2*u - 4. What is y(r)?
8
Let a(h) = -h**2 - 6*h + 7. Suppose 2 = -5*m - 28. Let v be a(m). Let q = v - 3. Let g(l) = -l**2 + 3*l + 4. What is g(q)?
0
Suppose -4*j + 3*n - 7 = 0, -n - 4*n + 31 = 3*j. Let y(k) = -j*k - 13 + 2*k**3 + 11 - k**3. Give y(-2).
-6
Let z(s) be the second derivative of -s + 0 - s**2 + 1/20*s**5 + 0*s**4 + 0*s**3. Give z(0).
-2
Let m be 16/28*(-14)/(-4). Suppose -1 = -m*v + 3. Let y(d) = 2*d + 1. What is y(v)?
5
Let x(j) = -j**2 - 8*j + 1. Suppose -30 = 7*w + 12. Give x(w).
13
Suppose 0 = 5*s - 2*s - 9. Suppose 0 = s*i - 6*i + 5*n + 25, -2*i - 5 = n. Let h(t) = -2*t + i*t - 3 + 2. Calculate h(-4).
7
Suppose -33 = 6*m + 5*m. Let a(v) = 2*v**2 + 2*v + 1. Determine a(m).
13
Suppose 0*b + b + 5 = 0. Let o be (b + 1)*1/(-4). Let y(a) = 2*a. Give y(o).
2
Let h(p) = 7*p - 8. Let f(v) = -13*v + 15. Let j(o) = -6*f(o) - 11*h(o). Let r(z) = z**2 - 7*z + 7. Let c be r(7). Determine j(c).
5
Suppose -7*o = -2*o - 125. Suppose 0 = -5*g + 4*i + 16, 5*g + 4*i + i = o. Let c(p) = -2*p + 6. Calculate c(g).
-2
Let k(d) = -d**3 + 7*d**2 - 6*d - 2. Let y be k(6). Let m(i) be the second derivative of -i**4/12 - i**3/6 + 17*i. Calculate m(y).
-2
Let q(h) = 5*h**3 - 4*h - 1. Let n(r) = 9*r**3 + r**2 - 7*r - 1. Suppose -9*y + 12 = -6*y. 